s the units digit of j?
2
Let h = -308 - -1634. What is the thousands digit of h?
1
Suppose -1714 = -3*o + 1805. What is the thousands digit of o?
1
Suppose -3*w + 0*z = 2*z - 13, 0 = -4*w + 4*z + 4. What is the units digit of 61 + 1*(0 + w)?
4
Suppose -16*i = -20*i + 220. Suppose 5*p = -6*c + 2*c - 91, 3*p + 2*c = -i. Let f = p + 20. What is the units digit of f?
1
Suppose -134 = 3*o + 64. Let g(p) = -99*p**3 + 5*p**2 + 6*p. Let x be g(-1). Let f = x + o. What is the units digit of f?
2
What is the units digit of 12/8*1360/12?
0
Suppose 13*f - 476 = -4*f. Suppose -4*w = -m - 25, 4*w + 5 = -5*m - 0. Let r = m + f. What is the units digit of r?
3
Let p(s) = -37*s + 97. What is the hundreds digit of p(-9)?
4
Let w be 18/(-4)*(-4)/(-3). What is the tens digit of (-13)/(-39) - 143*2/w?
4
What is the units digit of 2/(348/(-117) - -3)?
8
Let n = 21 + -14. Let a = n - -11. What is the tens digit of a?
1
Let i(j) = -j**3 + 15*j**2 + j - 3. Let m be i(15). Let y(u) = 5*u + 11. What is the units digit of y(m)?
1
Suppose -3*k = -5*v - 4286 + 1504, 0 = 3*k + 4*v - 2791. What is the units digit of k?
9
Let d(y) = -y**3 + 3*y**2 - 4*y - 2. Let i be d(4). Let h = i - -46. What is the units digit of h?
2
Let z = -103 + -61. Suppose 4*g = -3*c + 3*g + 26, -26 = -2*c - 5*g. What is the units digit of 1/2 - z/c?
1
Let y = -202 + 432. Suppose -4*x - 15 = -9*x. Suppose 5*r - x*p = y, p = -5*r - p + 230. What is the units digit of r?
6
Let c be (2/2)/(2/26). Suppose -5*t + i - 51 = -3*i, t + 5*i - c = 0. What is the units digit of (1 - 47)*(6 + t)?
6
Suppose 2*p = 4, -3*c + 2539 = -5*p - 2581. What is the hundreds digit of c?
7
Suppose 0 = -u + 4 + 1. What is the tens digit of 270/u - 2/1?
5
Suppose -49*w + 45*w - 2*a = -2020, 4*w + a = 2018. What is the units digit of w?
4
Suppose 6*g + 115 = 4*u + g, -3*g = 3*u - 66. Let p be (-20)/u*(-10)/4. Suppose -p*b = b - 54. What is the tens digit of b?
1
Let l be 39/(-65) - 64/10. Let z(a) = -a**2 - 15*a + 12. What is the units digit of z(l)?
8
Suppose 3*y = 2*b - 270, -3*b = -6*b - y + 416. What is the tens digit of b?
3
Let d(t) = 3*t - 105. Let y(q) = -q + 53. Let m(c) = 2*d(c) + 5*y(c). What is the units digit of m(0)?
5
Suppose 5*w - l - 961 - 1613 = 0, 3*w - l = 1546. Let z = w + -264. What is the hundreds digit of z?
2
Suppose -k + 148*h + 3978 = 149*h, -3*k + 11962 = -4*h. What is the units digit of k?
2
Suppose 3*b - 6*b + 55 = 5*o, -2*o - b + 22 = 0. Let n = o + 10. Suppose -p + 6*w = w - n, 4*w = 3*p - 52. What is the units digit of p?
6
Let t(n) = n**3 + 7*n**2 + 9*n + 5. Let u be t(-5). Let r = u - -27. What is the tens digit of r?
3
Let c be (-10)/(7/((-63)/(-6))). Let y = c + 38. What is the units digit of y?
3
Let l(w) = -w + 2. Let n be l(7). Let d(g) = g**2 + 3*g + 11. Let r be d(n). Let o = -10 + r. What is the units digit of o?
1
Let g be 45/18*124/5. Let u = g - 29. What is the units digit of u?
3
Let h(f) = -327*f - 14. What is the tens digit of h(-4)?
9
Suppose 4*z + 13*i - 3170 = 8*i, 0 = i - 2. What is the tens digit of z?
9
Let s(k) = 3*k - 2*k + 82*k**2 - 3*k. What is the units digit of s(-1)?
4
Let k(b) = b**3 - 21*b**2 - 46*b + 9. Let t be k(23). Let q = 51 + -20. Let c = q + t. What is the tens digit of c?
4
Let m(h) = h**3 + h**2 - 7. Let g be m(0). What is the units digit of (g - -5)*(-93)/1?
6
Let b(p) be the first derivative of 2*p**3/3 - 8*p**2 + 52*p - 18. What is the tens digit of b(11)?
1
Suppose 0 = 8*a + 27 - 43. Suppose 6*y + a*y = 840. What is the units digit of y?
5
Let v = 370 + 1112. What is the units digit of v?
2
Suppose 2*n + 172 - 1227 = -r, 5*n - 5295 = -5*r. What is the tens digit of r?
6
Let y be 579/(-18)*2*3. Let d = 327 + y. Suppose 44 = -3*q + d. What is the tens digit of q?
3
What is the units digit of 177*1 - (5 + 30/(-3))?
2
Suppose 6 - 2 = 2*n. Let z(b) = 2*b**2 - 4*b**n + b - 1 - b**3 + b. What is the units digit of z(-3)?
2
Let l(b) be the second derivative of -b**3/6 + 9*b**2 + 5*b. Let u be l(15). Suppose 0 = u*d - 3*n - n - 150, 4*d - 193 = 3*n. What is the tens digit of d?
4
Let x = -37 - -53. What is the tens digit of (x + -2 + 2 - 3)*1?
1
Suppose -287 = -3*o - 2*o - 2*t, 0 = -3*o + 4*t + 167. Let b = 333 - o. What is the units digit of b?
6
What is the units digit of 2/20 - (-2 - 36813/70)?
8
Let n(f) = 2*f**2 - 15*f + 10. Let p be n(7). Suppose 208 = 3*y + m, p*y + 10*m - 188 = 5*m. What is the units digit of y?
1
What is the hundreds digit of 2/(-6) + (-31780)/(-84)?
3
What is the thousands digit of 8/6*(-6 - (-36036)/24)?
1
Let t(n) = -5*n**2 - 6*n - 6. Let m be t(-2). What is the units digit of (-147)/m*(-312)/(-14)?
4
Suppose -s = -5*u - 400, 3*s + u - 378 = 742. What is the units digit of s?
5
Let n(d) = 3*d**3 + 5*d**2 + 3*d + 1. What is the units digit of n(6)?
7
Let v be 7/(-5)*-246 - 6/15. Suppose -3*s - s + v = 0. What is the tens digit of s?
8
Let g(n) = 2*n**2 - 3*n - 4. Let b be g(3). Let o be 2 - (b - 4)*-426. Suppose 4*t - o = -152. What is the tens digit of t?
6
Let u be 1320/84 + 2/7. Let z = 29 + u. What is the units digit of z?
5
Suppose -9*o + 60 = -13*o. What is the hundreds digit of 2*(o/5 + 56)?
1
Let i(l) = -l**3 - 6*l**2 - 6*l + 6. Let k be i(-5). Let d(u) = 13*u - k*u + 3*u + 6. What is the tens digit of d(4)?
2
Let b(j) = -j**3 + 37*j**2 + 3*j + 26. What is the hundreds digit of b(37)?
1
Let n(m) = -m**3 + 7*m**2 + 11*m - 12. Let a be n(8). Let p = 17 - a. Suppose 0 = p*x + 5*u - 135, 2*x - 3*u - 54 = -8*u. What is the tens digit of x?
2
What is the tens digit of 14 - 17 - -3*293?
7
Let f(m) = 3*m**3 - 3*m**2 - 3*m - 3. Let w(j) = -j**3 - j. Let t(l) = f(l) + 2*w(l). What is the hundreds digit of t(7)?
1
Let m be ((-1)/(-3))/(21/189). What is the units digit of m*((-28)/(-6) - 4)?
2
Let x(p) = 9 + 2 - p + 2*p - 4. Let a be x(6). Let w(v) = v**2 - 11*v - 16. What is the tens digit of w(a)?
1
Let o = 36 + -21. Let b = 23 - o. Suppose 0 = -b*d + 9*d - 47. What is the units digit of d?
7
Let o = -222 + 322. What is the units digit of (0 - (o + 2))*-2?
4
Let s(z) = -z**3 + 14*z**2 + 2*z - 18. Let j be s(14). Let r(l) = l**3 - 4 + 2 - 2*l**2 - 3 - 4*l**2 + j*l. What is the tens digit of r(6)?
5
Let c be 1/((-5)/(-400)) - -4. Let t = c + 62. What is the hundreds digit of t?
1
Suppose -64*c + 27 = -61*c. What is the units digit of (-3)/c - (-395)/15?
6
Let v(q) = 6*q + 17. Let m(u) = 31*u + 85. Let x(j) = 2*m(j) - 11*v(j). What is the tens digit of x(-10)?
2
Let q(o) = o. Let m(b) be the first derivative of -b**2/2 - 4*b + 3. Let j be m(-6). What is the units digit of q(j)?
2
Suppose 3*b - b - 82 = 0. Suppose 0 = q + j + b - 285, -5*j - 460 = -2*q. What is the tens digit of q?
4
Suppose 0 = -4*u + 8*u - 24. Suppose -35 = -c + 4*o, u*o = -c + o + 80. Let t = 92 - c. What is the units digit of t?
7
Let h be (1*(3 - 2))/(-1)*-47. Let f = 53 + h. What is the tens digit of f?
0
Suppose 4*b = 7*b - 6. Suppose b*s = -14*s + 2800. What is the hundreds digit of s?
1
Let x(o) = -o**2 + 12*o + 5. Let c(k) = 3*k**2 - 8*k - 4. Let g be c(4). What is the units digit of x(g)?
5
Let y be (-2 - 130)*((-255)/(-9))/(-5). Let z = -531 + y. What is the hundreds digit of z?
2
Suppose -5*v = -4*v + 27. Let s = 95 + v. What is the units digit of s?
8
What is the tens digit of -1*(-4 - -3 - 388)?
8
Suppose j + 2327 = -12*j. Let c = 69 - j. What is the units digit of c?
8
Let q(m) = 1664*m + 33. What is the tens digit of q(1)?
9
Suppose -3*d - 3 = 5*a - 12, 4*a + d - 10 = 0. Suppose o = -a*n + 114, -5*n + 150 + 212 = 3*o. What is the hundreds digit of o?
1
Let z = 807 - 188. What is the tens digit of z?
1
Suppose -1 = 4*f - 9. Suppose g - q - 49 - 6 = 0, 0 = f*q - 2. Let o = g - 37. What is the units digit of o?
9
Suppose -2*p - 16 = -6*p. Suppose -p*z = -36 - 4. Suppose -z = a - 24. What is the units digit of a?
4
Suppose 0 = -2*f + 5*b + 145, f - 2*b = -6*b + 79. What is the tens digit of f?
7
Suppose 1645 + 696 = 2*j + 3*y, -j = 2*y - 1170. What is the hundreds digit of j?
1
Suppose 25*y - 1732 = 21*y. What is the tens digit of y?
3
Suppose -205485 = -118*p + 456141. What is the units digit of p?
7
Suppose 25*q = 14545 + 75630. What is the tens digit of q?
0
Let i(h) = h**3 - 3*h**2 - 4*h - 120. What is the units digit of i(19)?
0
Let p = -56 - -51. Wh